ided by 22794.
79
What is the remainder when 75380 is divided by 9422?
4
What is the remainder when 1277 is divided by 269?
201
What is the remainder when 3752 is divided by 156?
8
What is the remainder when 190583 is divided by 811?
809
Calculate the remainder when 22654 is divided by 4496.
174
Calculate the remainder when 3886 is divided by 184.
22
What is the remainder when 4363306 is divided by 304?
298
What is the remainder when 2208 is divided by 710?
78
What is the remainder when 4514 is divided by 248?
50
What is the remainder when 5182348 is divided by 150?
148
Calculate the remainder when 7718 is divided by 7572.
146
What is the remainder when 1161 is divided by 64?
9
Calculate the remainder when 17676 is divided by 3523.
61
Calculate the remainder when 1228 is divided by 1019.
209
Calculate the remainder when 6875 is divided by 208.
11
Calculate the remainder when 19044 is divided by 6324.
72
Calculate the remainder when 17392 is divided by 49.
46
Calculate the remainder when 241749 is divided by 38.
31
What is the remainder when 45254 is divided by 823?
812
What is the remainder when 196146 is divided by 2392?
2
What is the remainder when 6297 is divided by 115?
87
Calculate the remainder when 4010 is divided by 971.
126
What is the remainder when 223305 is divided by 503?
476
What is the remainder when 6655 is divided by 12?
7
Calculate the remainder when 34878 is divided by 17434.
10
Calculate the remainder when 273755 is divided by 1825.
5
What is the remainder when 842983 is divided by 55?
53
What is the remainder when 4476 is divided by 9?
3
Calculate the remainder when 206768 is divided by 115.
113
Calculate the remainder when 7155 is divided by 2374.
33
What is the remainder when 18253 is divided by 42?
25
Calculate the remainder when 923752 is divided by 39.
37
What is the remainder when 57781 is divided by 57771?
10
Calculate the remainder when 158015 is divided by 888.
839
Calculate the remainder when 9132 is divided by 2268.
60
Calculate the remainder when 110224 is divided by 203.
198
What is the remainder when 178523 is divided by 2879?
25
Calculate the remainder when 16195 is divided by 619.
101
What is the remainder when 735846 is divided by 356?
350
What is the remainder when 32551 is divided by 32539?
12
Calculate the remainder when 1090 is divided by 959.
131
What is the remainder when 2935134 is divided by 61?
58
What is the remainder when 25217 is divided by 9?
8
Calculate the remainder when 3989 is divided by 39.
11
Calculate the remainder when 123457 is divided by 22.
15
Calculate the remainder when 275761 is divided by 155.
16
What is the remainder when 9060 is divided by 46?
44
Calculate the remainder when 5901 is divided by 843.
0
What is the remainder when 6703 is divided by 137?
127
Calculate the remainder when 152849 is divided by 17.
2
What is the remainder when 21778 is divided by 484?
482
Calculate the remainder when 22669 is divided by 7553.
10
Calculate the remainder when 481 is divided by 248.
233
Calculate the remainder when 31167 is divided by 78.
45
Calculate the remainder when 1651243 is divided by 62.
59
Calculate the remainder when 5352143 is divided by 7.
6
Calculate the remainder when 9759 is divided by 1072.
111
Calculate the remainder when 267 is divided by 258.
9
What is the remainder when 295 is divided by 96?
7
What is the remainder when 280684 is divided by 1871?
34
What is the remainder when 251905 is divided by 49?
45
What is the remainder when 605128 is divided by 690?
688
What is the remainder when 238258 is divided by 22?
20
What is the remainder when 605021 is divided by 201666?
23
What is the remainder when 182673 is divided by 258?
9
Calculate the remainder when 149072 is divided by 37259.
36
What is the remainder when 226 is divided by 85?
56
Calculate the remainder when 2340 is divided by 1124.
92
Calculate the remainder when 129585 is divided by 800.
785
What is the remainder when 1221645 is divided by 53?
48
What is the remainder when 13140 is divided by 153?
135
What is the remainder when 1680 is divided by 587?
506
Calculate the remainder when 407937 is divided by 523.
520
Calculate the remainder when 648997 is divided by 614.
613
Calculate the remainder when 10492 is divided by 99.
97
Calculate the remainder when 735523 is divided by 25.
23
Calculate the remainder when 74458 is divided by 2481.
28
Calculate the remainder when 8303 is divided by 760.
703
What is the remainder when 1787 is divided by 75?
62
What is the remainder when 11365 is divided by 598?
3
What is the remainder when 36424 is divided by 51?
10
Calculate the remainder when 2416 is divided by 187.
172
Calculate the remainder when 121462 is divided by 121423.
39
What is the remainder when 4132 is divided by 713?
567
What is the remainder when 4814 is divided by 79?
74
What is the remainder when 130248 is divided by 236?
212
What is the remainder when 38400 is divided by 211?
209
What is the remainder when 196 is divided by 88?
20
What is the remainder when 43560 is divided by 3959?
11
What is the remainder when 19868 is divided by 97?
80
Calculate the remainder when 1194890 is divided by 368.
362
Calculate the remainder when 19960 is divided by 208.
200
What is the remainder when 224767 is divided by 32108?
11
Calculate the remainder when 69252 is divided by 592.
580
Calculate the remainder when 9495 is divided by 1856.
215
What is the remainder when 10526 is divided by 1821?
1421
Calculate the remainder when 35433 is divided by 84.
69
Calculate the remainder when 42620 is divided by 298.
6
What is the remainder when 64800 is divided by 67?
11
Calculate the remainder when 964751 is divided by 14.
11
Calculate the remainder when 590 is divided by 287.
16
What is the remainder when 647 is divided by 77?
31
What is the remainder when 5147 is divided by 10?
7
Calculate the remainder when 192670 is divided by 58.
52
What is the remainder when 2121 is divided by 2101?
20
Calculate the remainder when 9656177 is divided by 42.
41
Calculate the remainder when 31060 is divided by 1241.
35
What is the remainder when 3700 is divided by 263?
18
What is the remainder when 9834 is divided by 1276?
902
Calculate the remainder when 59587 is divided by 118.
115
What is the remainder when 2151 is divided by 121?
94
Calculate the remainder when 18013 is divided by 15.
13
Calculate the remainder when 177285 is divided by 30.
15
What is the remainder when 4523 is divided by 417?
353
What is the remainder when 6602 is divided by 3294?
14
What is the remainder when 4622 is divided by 2294?
34
What is the remainder when 393508 is divided by 21?
10
What is the remainder when 1393 is divided by 334?
57
Calculate the remainder when 22343 is divided by 22288.
55
Calculate the remainder when 13930 is divided by 44.
26
Calculate the remainder when 47 is divided by 17.
13
What is the remainder when 11948 is divided by 6?
2
Calculate the remainder when 1433 is divided by 64.
25
Calculate the remainder when 22496 is divided by 2542.
2160
Calculate the remainder when 8393 is divided by 6.
5
Calculate the remainder when 166853 is divided by 207.
11
Calculate the remainder when 6152 is divided by 67.
55
Calculate the remainder when 7406825 is divided by 310.
305
Calculate the remainder when 1741 is divided by 101.
24
What is the remainder when 46738 is divided by 8?
2
What is the remainder when 7573 is divided by 1513?
8
Calculate the remainder when 3774772 is divided by 1258254.
10
What is the remainder when 762 is divided by 56?
34
Calculate the remainder when 204421 is divided by 8174.
71
Calculate the remainder when 1107 is divided by 723.
384
What is the remainder when 815079 is divided by 113?
10
What is the remainder when 74041 is divided by 123?
118
Calculate the remainder when 1177 is divided by 418.
341
Calculate the remainder when 5450 is divided by 15.
5
Calculate the remainder when 17793 is divided by 349.
343
What is the remainder when 393 is divided by 112?
57
Calculate the remainder when 650996 is divided by 173.
170
Calculate the remainder when 4275 is divided by 899.
679
Calculate the remainder when 2580 is divided by 125.
80
What is the remainder when 3381 is divided by 674?
11
What is the remainder when 3897 is divid